15) to base 9.
113372
What is -232ae (base 15) in base 12?
-54985
1000000010011110 (base 2) to base 8
100236
Convert -1050025 (base 6) to base 15.
-10b38
What is -1cdd85 (base 14) in base 16?
-fd361
2123 (base 10) to base 9
2818
Convert -147a29 (base 13) to base 9.
-845440
What is -101101010001011100001 (base 2) in base 12?
-5b6601
What is 4723284 (base 10) in base 13?
c94b57
Convert -270a1a4 (base 11) to base 13.
-c80017
Convert 182201 (base 10) to base 4.
230132321
What is -1014115531 (base 6) in base 15?
-dd7457
-625123 (base 7) to base 15
-21c6a
-249309 (base 11) to base 15
-7b6b2
3580817 (base 10) to base 11
2026359
13e5eb (base 15) to base 11
5a6168
Convert -122419 (base 10) to base 4.
-131320303
What is -29a438 (base 11) in base 4?
-1302023322
Convert 5202142 (base 11) to base 6.
524452400
203312333000 (base 4) to base 7
142620665
b0135 (base 15) to base 16
8805e
11434314 (base 6) to base 13
c9049
2071a3 (base 11) to base 6
11035233
Convert -37906 (base 15) to base 2.
-101011010101111011
-11112204 (base 9) to base 4
-110201320030
Convert 46012313 (base 7) to base 6.
221445502
Convert -110101021220 (base 3) to base 12.
-b9043
Convert 15052505 (base 6) to base 14.
d7893
Convert 180d4 (base 16) to base 6.
2040032
Convert -a279e3 (base 15) to base 5.
-3434031423
What is 66215530 (base 7) in base 12?
1aa2024
What is -203233110 (base 4) in base 15?
-2d593
What is -201032030 (base 4) in base 11?
-93266
Convert ab769 (base 14) to base 8.
1454101
What is -1220061 (base 7) in base 13?
-56094
Convert 1753145 (base 8) to base 10.
513637
-12120201110102 (base 3) to base 10
-2966636
Convert -1041422403 (base 5) to base 7.
-25336664
What is -3651234 (base 7) in base 8?
-1616524
-144028 (base 9) to base 12
-4308b
-11033232101 (base 4) to base 3
-2120212022102
Convert -17d4b8 (base 14) to base 16.
-cde5a
-2153142 (base 6) to base 2
-11010011011110110
Convert 42874 (base 9) to base 15.
8647
Convert 110001111101011001 (base 2) to base 15.
40973
Convert 3458de (base 15) to base 4.
21202032311
1ddb2 (base 16) to base 13
4387c
Convert -110011110210 (base 3) to base 4.
-322131201
Convert 139a7 (base 12) to base 10.
27343
What is -24422322 (base 5) in base 16?
-38d85
440010423 (base 5) to base 4
13021330122
What is -ab3ce (base 16) in base 3?
-1022122010102
What is 284823 (base 10) in base 13?
9c846
What is 87565 (base 9) in base 12?
2971b
What is 116263 (base 7) in base 15?
6524
Convert 332931 (base 13) to base 15.
18c2cc
Convert 1f8672 (base 16) to base 13.
574509
Convert -2911d3 (base 15) to base 13.
-543522
916876 (base 10) to base 14
19c1d2
Convert -23364206 (base 8) to base 9.
-10541748
-37625 (base 11) to base 8
-151351
Convert 368207 (base 12) to base 9.
1588027
Convert -11011010001100010001 (base 2) to base 13.
-253a32
Convert -193b19 (base 12) to base 11.
-2822a1
-554214004 (base 6) to base 16
-989eb4
-49cc11 (base 16) to base 5
-2214230434
-511630 (base 7) to base 10
-87094
-6356f (base 16) to base 3
-202200011012
-25aec (base 16) to base 10
-154348
What is -432337 (base 10) in base 8?
-1514321
199dcc (base 14) to base 7
10512645
9332b (base 13) to base 4
1000133320
Convert -8d250 (base 16) to base 8.
-2151120
Convert 48fdc2 (base 16) to base 6.
250310030
Convert 222102100 (base 4) to base 8.
522220
What is 331002211 (base 4) in base 8?
750245
What is 252314 (base 12) in base 10?
605248
310321111 (base 4) to base 9
360174
1060b04 (base 12) to base 2
1011110111110000110100
What is -1c41d (base 15) in base 7?
-532243
-7c2bd0 (base 16) to base 5
-4040401210
Convert 10220120021000 (base 3) to base 16.
1fb48f
-102000202201102 (base 3) to base 13
-12a2929
What is -213dad (base 14) in base 15?
-1734ec
-110111000121 (base 3) to base 9
-414017
What is -c9749 (base 14) in base 15?
-99500
-222210112011 (base 3) to base 4
-2000301121
Convert 15bc1 (base 15) to base 2.
10001001000001100
244a13 (base 11) to base 13
107329
Convert 374906 (base 10) to base 5.
43444111
-30324520 (base 6) to base 5
-210214114
243313240 (base 6) to base 14
88c768
1065a1 (base 12) to base 8
773711
Convert 7a912 (base 13) to base 9.
370438
What is -301456 (base 8) in base 4?
-120030232
What is 154766 (base 10) in base 4?
211302032
3323020023 (base 4) to base 13
2a0267
What is 604ed (base 16) in base 5?
100110402
What is 79ba84 (base 14) in base 16?
3f36b4
-165222 (base 7) to base 6
-412550
What is 1101201020221 (base 3) in base 7?
6211111
Convert 10121001202020 (base 3) to base 15.
27b136
What is -173071 (base 16) in base 5?
-342112404
Convert 235541626 (base 7) to base 14.
1d42c16
Convert -1101102111100 (base 3) to base 9.
-1342440
331201100 (base 4) to base 3
110210122202
What is -1114340302 (base 5) in base 15?
-3449bc
Convert 1001c8 (base 15) to base 6.
24141312
Convert -1021d8 (base 16) to base 14.
-1d7412
823223 (base 9) to base 11
303611
Convert -2011366 (base 7) to base 15.
-4a8c7
What is -6596a6 (base 11) in base 9?
-1873467
Convert -717510 (base 12) to base 11.
-100296a
1120211122 (base 3) to base 10
31229
60b755 (base 13) to base 10
2253178
Convert -16625654 (base 8) to base 3.
-21022000100101
-1021102102212 (base 3) to base 15
-d5b5b
432101 (base 5) to base 11
1000a
What is -bd03 (base 16) in base 6?
-1012003
2550401 (base 7) to base 15
68375
What is 13caee (base 16) in base 7?
14011506
Convert 603aa7 (base 11) to base 14.
1b413c
Convert 13320000210 (base 4) to base 7.
23355501
What is 2347306 (base 8) in base 10?
642758
14b40 (base 12) to base 11
1aaa9
-10221211122 (base 3) to base 8
-230075
What is 116919 (base 14) in base 6?
20424135
Convert -1122123130 (base 4) to base 7.
-3101605
-2c388 (base 15) to base 9
-236482
Convert -21454465 (base 7) to base 11.
-1050683
What is 45500a (base 11) in base 5?
141132244
Convert 182359 (base 10) to base 8.
544127
What is -87b4d8 (base 14) in base 4?
-101203230212
-60798 (base 10) to base 13
-2189a
Convert 10101001110100010100011 (base 2) to base 7.
65204156
-b8ab (base 13) to base 4
-12100330
-c09a (base 13) to base 2
-110011101111011
Convert 474319 (base 11) to base 13.
20460a
What is -100101101010011010000 (base 2) in base 11?
-773245
-10303123 (base 5) to base 14
-24077
Convert 1101001101101001110 (base 2) to base 4.
1221231032
Convert -2387a62 (base 11) to base 12.
-1483b26
Convert 128201 (base 12) to base 4.
1022110201
What is -25033 (base 7) in base 8?
-14615
What is 78769 (base 13) in base 2?
110101011010010101
-5693e (base 16) to base 15
-70117
Convert -1101212312 (base 4) to base 2.
-1010001100110110110
What is -920250a (base 11) in base 12?
-5547218
-9aa54 (base 12) to base 16
-32260
-2111211022002 (base 3) to base 15
-1b5862
What is 2164a3 (base 13) in base 4?
2333223302
2000202111210 (base 3) to base 5
233442314
16625165 (base 7) to base 4
12033220130
What is -182373 (base 10) in base 5?
-21313443
Convert -38856a (base 11) to base 2.
-10010101010100011010
What is 635a3 (base 12) in base 15?
289b3
Convert 12012100120 (base 3) to base 8.
307656
What is 124216 (base 9) in base 5?
4402024
-2001001021022 (base 3) to base 11
-680052
Convert -42754 (base 16) to base 13.
-96b95
Convert -413664 (base 8) to base 16.
-217b4
Convert 6062524 (base 7) to base 3.
1100122100221
What is -20022100202 (base 3) in base 12?
-5ba55
What is 51a7 (base 13) in base 2?
10110000011011
Convert -5005142 (base 6) to base 3.
-102220120022
What is -24304250 (base 7) in base 14?
-406960
Convert 4750465 (base 10) to base 12.
1711141
-23200141 (base 5) to base 6
-4253313
-2132132123 (base 4) to base 14
-12c7b5
-389669 (base 11) to base 5
-124104221
Convert -701062 (base 8) to base 15.
-481e3
What is 111022110111000 (base 3) in base 14?
d22664
Convert -190b6 (base 13) to base 9.
-73450
-20016664 (base 7) to base 13
-45ab61
312113220 (base 4) to base 3
102022111000
What is 55ab0c (base 13) in base 14?
3a93dd
What is 41421452 (base 6) in base 4?
10211011220
Convert -221011201211022 (base 3) to base 7.
-221502305
-10352404 (base 6) to base 3
-120202200111
What is -8149 (base 13) in base 5?
-1032211
445332252 (base 6) to base 2
11110111001010110101000
Convert 14755c0 (base 13) to base 15.
88d014
Convert 13b423 (base 14) to base 4.
2213000213
43596 (base 16) to base 13
98742
-3273b (base 15) to base 16
-27200
What is 55111035 (base 6) in base 8?
6207437
Conv